 276353923 composite?
True
Is 2846693 prime?
True
Is 14102713 composite?
False
Is 8066533 prime?
True
Is 1926757 a prime number?
False
Is 9166109 a prime number?
True
Is 353263 prime?
True
Is 22158007 a composite number?
False
Is 2921317 composite?
True
Is 9004403 composite?
True
Is 10063195 composite?
True
Is 176586857 a composite number?
False
Is 2647823 prime?
False
Is 45816941 composite?
False
Is 137567 a composite number?
False
Is 136630099 composite?
False
Is 23102623 prime?
False
Is 2992007 a composite number?
False
Is 33127357 a prime number?
True
Is 174959681 a prime number?
False
Is 215975989 a composite number?
False
Is 68592763 a composite number?
False
Is 5859569 composite?
False
Is 42362339 prime?
False
Is 38673641 prime?
False
Is 14654429 composite?
False
Is 908317 a prime number?
True
Is 443900707 a prime number?
False
Is 7049717 a prime number?
True
Is 3712539 a composite number?
True
Is 5505947 composite?
True
Is 5532347 composite?
True
Is 1677041 a composite number?
True
Is 7643917 a prime number?
False
Is 32154313 a prime number?
True
Is 151904873 a prime number?
True
Is 149850989 prime?
False
Is 61601942 a composite number?
True
Is 50001689 a composite number?
True
Is 54154289 a prime number?
False
Is 1740617 a prime number?
False
Is 10808453 prime?
False
Is 13714186 composite?
True
Is 715826369 a composite number?
False
Is 22519501 composite?
True
Is 1217261 a prime number?
True
Is 27980009 prime?
False
Is 478339 prime?
True
Is 6650503 composite?
False
Is 35226379 composite?
False
Is 144385583 prime?
True
Is 2317067 a composite number?
False
Is 7686443 a composite number?
False
Is 1366829 a composite number?
False
Is 13891557 a prime number?
False
Is 6093182 prime?
False
Is 18856001 composite?
False
Is 153509722 a prime number?
False
Is 716719 a composite number?
True
Is 60500969 composite?
True
Is 8647301 a prime number?
False
Is 32577823 composite?
False
Is 6887137 a composite number?
False
Is 110490181 a prime number?
False
Is 1039942 prime?
False
Is 40073729 composite?
False
Is 2001373 prime?
False
Is 5764114 prime?
False
Is 3474571 composite?
True
Is 18096695 composite?
True
Is 406493959 prime?
True
Is 1406771 a composite number?
False
Is 41358209 composite?
True
Is 153558829 a prime number?
True
Is 6529123 a prime number?
False
Is 905999 a composite number?
False
Is 6250579 composite?
False
Is 27176189 a composite number?
False
Is 570572021 composite?
False
Is 5177897 prime?
False
Is 1323089 prime?
False
Is 146152379 prime?
True
Is 12449999 composite?
False
Is 444507379 a composite number?
True
Is 1853261 a prime number?
False
Is 3157367 composite?
False
Is 2906282 composite?
True
Is 38913947 prime?
True
Is 12311939 composite?
False
Is 53079562 composite?
True
Is 7078301 a prime number?
True
Is 38243654 prime?
False
Is 196156339 a composite number?
True
Is 15133271 a composite number?
True
Is 125647777 composite?
True
Is 189388726 a composite number?
True
Is 116847859 prime?
True
Is 1860299 a prime number?
False
Is 9530414 a prime number?
False
Is 11505937 a prime number?
False
Is 412283 composite?
True
Is 34191249 composite?
True
Is 619246 composite?
True
Is 19179551 prime?
True
Is 13797766 a prime number?
False
Is 51742139 prime?
True
Is 2349247 a prime number?
False
Is 14300953 a prime number?
True
Is 705583869 a composite number?
True
Is 103272193 composite?
True
Is 3732655 composite?
True
Is 55206817 composite?
False
Is 111005249 a composite number?
False
Is 9228799 composite?
True
Is 77983949 a prime number?
True
Is 716383 a composite number?
False
Is 9041961 prime?
False
Is 45527969 a prime number?
False
Is 5136466 a composite number?
True
Is 359497 prime?
False
Is 6356563 a prime number?
False
Is 3868543 composite?
True
Is 4283471 prime?
False
Is 36514741 prime?
False
Is 53993011 a composite number?
True
Is 628201726 a prime number?
False
Is 55335013 composite?
False
Is 1273001 a composite number?
False
Is 2035567 prime?
True
Is 231375359 composite?
False
Is 102357379 prime?
True
Is 89869229 a composite number?
True
Is 2863139 a prime number?
True
Is 10716407 a prime number?
False
Is 8348693 a composite number?
True
Is 108934057 a prime number?
False
Is 117614659 prime?
True
Is 812321 a composite number?
True
Is 11938786 a composite number?
True
Is 13160579 a composite number?
False
Is 29638373 a composite number?
False
Is 1550963 a prime number?
True
Is 932749 composite?
False
Is 165143 a prime number?
False
Is 2895757 composite?
False
Is 266258353 composite?
False
Is 5919031 a prime number?
True
Is 583691 prime?
False
Is 56867497 composite?
False
Is 5420617 composite?
True
Is 5401913 composite?
True
Is 448136057 prime?
True
Is 803849 prime?
True
Is 7545761 a prime number?
False
Is 7214749 a composite number?
True
Is 25846607 prime?
False
Is 2606239 a composite number?
True
Is 8288499 a prime number?
False
Is 7520585 composite?
True
Is 12508807 composite?
True
Is 187262533 a composite number?
False
Is 179575217 a composite number?
False
Is 150865489 prime?
False
Is 670729 composite?
False
Is 4684669 a composite number?
True
Is 238864265 a prime number?
False
Is 11699371 a prime number?
False
Is 139871815 composite?
True
Is 9838133 composite?
False
Is 816317 a prime number?
True
Is 53093693 composite?
True
Is 69761 a prime number?
True
Is 136623247 composite?
False
Is 109236961 a prime number?
False
Is 136319021 prime?
False
Is 1717367 a composite number?
True
Is 15275851 prime?
False
Is 5099669 composite?
False
Is 6387773 a composite number?
True
Is 29489597 composite?
True
Is 389191 composite?
True
Is 17070841 prime?
True
Is 380753 composite?
False
Is 4754743 a prime number?
False
Is 41247169 a composite number?
True
Is 4187839 a composite number?
False
Is 466409 prime?
True
Is 8137349 prime?
False
Is 10112695 a composite number?
True
Is 1682663 a prime number?
True
Is 1550141 a composite number?
False
Is 10306279 a prime number?
False
Is 2936447 a composite number?
False
Is 690199 a composite number?
True
Is 1057781 composite?
False
Is 2728499 a prime number?
True
Is 125060357 prime?
True
Is 41030579 a composite number?
False
Is 41849387 composite?
False
Is 654331 prime?
False
Is 1952311 composite?
False
Is 26014055 a composite number?
True
Is 2961427 a composite number?
True
Is 22183049 a prime number?
False
Is 515555563 composite?
True
Is 2686513 composite?
False
Is 223668043 prime?
False
Is 287196659 composite?
False
Is 509133211 composite?
True
Is 2292379 composite?
True
Is 84089 a prime number?
True
Is 204897949 composite?
False
Is 514604411 composite?
False
Is 698351 prime?
False
Is 1122249 a prime number?
False
Is 29087621 composite?
False
Is 9002969 prime?
True
Is 3130777 a prime number?
False
Is 3079042 prime?
False
Is 5815877 a composite number?
True
Is 18405913 a composite number?
True
Is 25837193 a composite number?
False
Is 188633 composite?
False
Is 13040409 a composite number?
True
Is 163601 a composite number?
False
Is 8016401 a prime number?
False
Is 1973029 prime?
False
Is 20509331 prime?
False
Is 7971947 a composite number?
True
Is 488587 prime?
False
Is 52707133 prime?
False
Is 45617459 a prime number?
False
Is 91475339 a composite number?
True
Is 8463313 a composite number?
False
Is 629299661 a prime number?
True
Is 3391919 a composite number?
True
Is 243061783 composite?
False
Is 30618043 a prime number?
True
Is 858647 composite?
True
Is 13445683 a composite number?
False
Is 9620223 a composite number?
True
Is 317152201 composite?
True
Is 142573 a composite number?
False
Is 148345529 composite?
True
Is 27135487 composite?
True
Is 37694519 a composite number?
True
Is 7498417 a composite number?
False
Is 76801141 a prime number?
False
Is 2305243 a prime number?
False
Is 23592061 composite?
False
Is 244317079 a composite number?
True
Is 96556361 composite?
True
Is 80721517 a composite number?
False
Is 28141249 prime?
False
Is 41290463 composite?
True
Is 3203503 a composite number?
False
Is 2918857 composite?
False
Is 1858085 a prime number?
False
Is 3741047 a prime number?
True
Is 439522499 a prime number?
False
Is 553138555 a composite number?
True
Is 662639 a prime number?
True
Is 88567649 a composite number?
False
Is 16025882 a composite number?
True
Is 48027323 composite?
False